{"id":11,"date":"2025-07-14T20:37:26","date_gmt":"2025-07-14T20:37:26","guid":{"rendered":"https:\/\/coloquiogeocritica2026.mora.edu.mx\/?page_id=11"},"modified":"2025-11-10T15:50:42","modified_gmt":"2025-11-10T15:50:42","slug":"condiciones-plazos-de-inscripcion-y-envio-de-textos","status":"publish","type":"page","link":"https:\/\/coloquiogeocritica2026.mora.edu.mx\/?page_id=11","title":{"rendered":"Condiciones, plazos de inscripci\u00f3n y env\u00edo de textos"},"content":{"rendered":"\n<p><strong><mark style=\"background-color:rgba(0, 0, 0, 0)\" class=\"has-inline-color has-theme-palette-2-color\">31 de octubre de 2025.<\/mark> <\/strong>Fecha l\u00edmite para el registro de:<\/p>\n\n\n\n<ul class=\"wp-block-list\">\n<li>T\u00edtulo y resumen de la ponencia en un rango de 300 a 400 palabras, con la indicaci\u00f3n de las mesas tem\u00e1ticas en las que podr\u00eda integrarse.<\/li>\n\n\n\n<li>Resumen del <em>curriculum vitae<\/em> con un m\u00e1ximo de 200 palabras, indicando afiliaci\u00f3n institucional, l\u00edneas de trabajo y publicaciones principales.<\/li>\n<\/ul>\n\n\n\n<p>El registro se har\u00e1 a trav\u00e9s de la siguiente liga: <br><a href=\"https:\/\/n9.cl\/7t05m\" target=\"_blank\">https:\/\/n9.cl\/7t05m<\/a><\/p>\n\n\n\n<hr class=\"wp-block-separator has-alpha-channel-opacity is-style-default\"\/>\n\n\n\n<p><strong><mark style=\"background-color:rgba(0, 0, 0, 0)\" class=\"has-inline-color has-theme-palette-2-color\">31 de enero de 2026.<\/mark> <\/strong>Publicaci\u00f3n de las propuestas aceptadas en la p\u00e1gina oficial del coloquio.<\/p>\n\n\n\n<hr class=\"wp-block-separator has-alpha-channel-opacity is-style-default\"\/>\n\n\n\n<p><\/p>\n\n\n\n<p><strong><mark style=\"background-color:rgba(0, 0, 0, 0)\" class=\"has-inline-color has-theme-palette-2-color\">6 de abril de 2026.<\/mark> <\/strong>Fecha l\u00edmite para el env\u00edo de trabajos, que ser\u00e1n publicados en formato digital en la p\u00e1gina del Coloquio con las normas editoriales del Instituto Mora: <a href=\"https:\/\/www.institutomora.edu.mx\/Investigacion\/Documentos%20Normatividad\/Manual_de_criterios_editoriales_y_tipogr%C3%A1ficos_(citaci%C3%B3n_APA).pdf\" target=\"_blank\">https:\/\/www.institutomora.edu.mx\/Investigacion\/Documentos%20Normatividad\/Manual_de_criterios_editoriales_y_tipogr%C3%A1ficos_(citaci%C3%B3n_APA).pdf<\/a>. Tendr\u00e1n una extensi\u00f3n m\u00e1xima de 50,000 caracteres. Una vez realizado el Coloquio se har\u00e1 una selecci\u00f3n tem\u00e1tica de los trabajos presentados para publicarlos en una editorial de prestigio, con el correspondiente dictamen por pares. Las normas editoriales a las que deber\u00e1n ajustarse ser\u00e1n difundidas una vez seleccionados.<\/p>\n\n\n\n<hr class=\"wp-block-separator has-alpha-channel-opacity is-style-default\"\/>\n\n\n\n<p><\/p>\n\n\n\n<p>No se admitir\u00e1 m\u00e1s de un trabajo por autor\u00eda ni m\u00e1s de tres autores por comunicaci\u00f3n.<\/p>\n\n\n\n<p>Los comentarios o dudas deber\u00e1n hacerse llegar a la cuenta de correo electr\u00f3nico:&nbsp;<a href=\"mailto:cgeocritica@institutomora.edu.mx\" target=\"_blank\" rel=\"noreferrer noopener\">cgeocritica@institutomora.edu.mx<\/a><\/p>\n\n\n\n<p>La participaci\u00f3n en el coloquio es libre y gratuita, y solamente en modalidad presencial.<\/p>\n","protected":false},"excerpt":{"rendered":"<p>31 de octubre de 2025. Fecha l\u00edmite para el registro de: El registro se har\u00e1 a trav\u00e9s de la siguiente liga: https:\/\/n9.cl\/7t05m 31 de enero de 2026. Publicaci\u00f3n de las propuestas aceptadas en la p\u00e1gina oficial del coloquio. 6 de abril de 2026. Fecha l\u00edmite para el env\u00edo de trabajos, que ser\u00e1n publicados en formato&#8230;<\/p>\n","protected":false},"author":1,"featured_media":0,"parent":0,"menu_order":0,"comment_status":"closed","ping_status":"closed","template":"","meta":{"_monsterinsights_skip_tracking":false,"_monsterinsights_sitenote_active":false,"_monsterinsights_sitenote_note":"","_monsterinsights_sitenote_category":0,"_kad_post_transparent":"","_kad_post_title":"","_kad_post_layout":"","_kad_post_sidebar_id":"","_kad_post_content_style":"","_kad_post_vertical_padding":"","_kad_post_feature":"","_kad_post_feature_position":"","_kad_post_header":false,"_kad_post_footer":false,"footnotes":""},"class_list":["post-11","page","type-page","status-publish","hentry"],"_links":{"self":[{"href":"https:\/\/coloquiogeocritica2026.mora.edu.mx\/index.php?rest_route=\/wp\/v2\/pages\/11","targetHints":{"allow":["GET"]}}],"collection":[{"href":"https:\/\/coloquiogeocritica2026.mora.edu.mx\/index.php?rest_route=\/wp\/v2\/pages"}],"about":[{"href":"https:\/\/coloquiogeocritica2026.mora.edu.mx\/index.php?rest_route=\/wp\/v2\/types\/page"}],"author":[{"embeddable":true,"href":"https:\/\/coloquiogeocritica2026.mora.edu.mx\/index.php?rest_route=\/wp\/v2\/users\/1"}],"replies":[{"embeddable":true,"href":"https:\/\/coloquiogeocritica2026.mora.edu.mx\/index.php?rest_route=%2Fwp%2Fv2%2Fcomments&post=11"}],"version-history":[{"count":31,"href":"https:\/\/coloquiogeocritica2026.mora.edu.mx\/index.php?rest_route=\/wp\/v2\/pages\/11\/revisions"}],"predecessor-version":[{"id":347,"href":"https:\/\/coloquiogeocritica2026.mora.edu.mx\/index.php?rest_route=\/wp\/v2\/pages\/11\/revisions\/347"}],"wp:attachment":[{"href":"https:\/\/coloquiogeocritica2026.mora.edu.mx\/index.php?rest_route=%2Fwp%2Fv2%2Fmedia&parent=11"}],"curies":[{"name":"wp","href":"https:\/\/api.w.org\/{rel}","templated":true}]}}